or of v and m?
14
Let c(v) = v**2 + 2*v + 1. Let r be c(-1). Suppose r*x + x = 22. Let s(l) = 48*l + 22. Let i be s(0). What is the greatest common factor of i and x?
22
Let u(n) = 148*n - 391. Let d(q) = 51*q - 130. Let h(c) = -11*d(c) + 4*u(c). Let j be h(6). What is the greatest common divisor of 39 and j?
13
Let t = 390 + -60. Let c be 1/(1/(-7) + t/2163). Let l = 130 - c. What is the highest common divisor of 18 and l?
9
Let k be (-2 - 25)/((-19)/209). What is the highest common divisor of 22 and k?
11
Let i(m) be the first derivative of -16*m**2 + 171*m - 57. Let x be i(5). Calculate the greatest common factor of x and 5.
1
Let l(n) = -58*n - 17. Let a be l(3). Let d = a + 287. Calculate the highest common divisor of 24 and d.
24
Suppose -26*j + 1025 = -691. Let h be (j/12)/((-2)/(-8))*2. Calculate the highest common factor of 11 and h.
11
Suppose 36*y - 2002 = 14*y + 12012. What is the highest common divisor of 728 and y?
91
Let s be (12690/(-40))/(5/(-20)). Calculate the highest common factor of s and 4.
1
Let q = 80 - 3. Let i be -1*(-7)/(-154) + (-27108)/(-88). What is the greatest common factor of q and i?
77
Let m = 7344 - 7327. Calculate the highest common factor of 17 and m.
17
Let j = 193 - 214. Let n be 2 + -3 + j/(6/(-2)). What is the greatest common divisor of 8 and n?
2
Suppose x - 3 = 11. Let b be (-6)/5*(-44 + x). Let o be -1*(-2)/10 - (-238)/10. Calculate the greatest common factor of o and b.
12
Let x(z) = 11*z**3 - 2*z**2 - z. Let k be x(2). Let h be k/5 - 26/(-65). Calculate the greatest common factor of 4 and h.
4
Let l(w) = 53*w**2 - 7*w - 2. Suppose -m = 2*v + 1, -11*v - 7 = -8*v - 4*m. Let i be l(v). Calculate the highest common factor of 522 and i.
58
Let f(v) be the first derivative of 3*v**2 - v + 8. Let l be f(2). Calculate the greatest common factor of 429 and l.
11
Let d(c) = 2*c**3 + 10*c**2 - 10*c - 12. Let j be d(6). Suppose -14*s = -2*s - j. Suppose 9*k - s = -k. Calculate the highest common divisor of 66 and k.
6
Let n be (-22)/(-33)*272/(-2)*42/(-2). What is the highest common factor of n and 1224?
136
Let g(f) = -1724*f + 6926. Let n be g(4). What is the highest common divisor of 486 and n?
6
Let h = 6789 + -5799. What is the greatest common factor of 2860 and h?
110
Let n = 532 + -496. Let u be ((-12)/16)/((-1)/144). Calculate the highest common divisor of n and u.
36
Let x be (2 + (-16)/(-10))/(6/15). Let a = x - 2. Let k be 52/a + 8/14. Calculate the greatest common factor of k and 2.
2
Suppose 20*f + x = 23*f - 60, -5*x = 4*f - 80. What is the highest common divisor of 1010 and f?
10
Suppose -5*p + 4*l + 263 = -41, 2*p - 124 = 4*l. Let a be (p/(-28) - -2) + 11835/35. What is the greatest common divisor of a and 26?
26
Suppose 20*c + 5*w = 16*c + 32, 3*w = -c + 1. Suppose -7*g = -c*g + 600. Calculate the highest common divisor of 40 and g.
20
Suppose -64*k = -4*b - 68*k - 6796, -b - 1702 = 4*k. Let y = b + 2804. Calculate the greatest common factor of 79 and y.
79
Let u = 26 - 2. Suppose 24 + 3 = 3*h. Suppose h*t - 45 = 63. What is the greatest common divisor of u and t?
12
Let a(q) = -13*q**3 - 6*q**2 + 6*q + 2. Let o be a(7). Let i be (-4)/(-10) + o/85. Let c be (i/77 - 2/7) + 145. What is the highest common factor of 18 and c?
18
Suppose -2*k + 6 = 0, -3*k + 19 = -u + 29. What is the highest common divisor of u and 703?
19
Let r(u) = 2*u**2 + 7*u + 4. Let t be r(-6). Let h be (304/(-342))/(4/(-108)). Let q = t - h. What is the highest common divisor of q and 10?
10
Let k be (-35 - -43)*(-2548)/(-16). What is the greatest common divisor of k and 104?
26
Let q be (-48)/((1/4)/(-1)). Suppose -13*f + 10*f - 24 = 0. Let p be ((-8)/10)/(f/240). What is the greatest common factor of p and q?
24
Let x = -301 - -304. Suppose x*h - c = 4*c + 20, 5*c - 70 = -3*h. Calculate the highest common factor of h and 135.
15
Let d = 15 + 13. Let r be 388/14 - (-8)/d. Suppose 37*y = 8*y + 6496. What is the greatest common factor of r and y?
28
Let y = -1861 + 1867. Calculate the greatest common factor of y and 1560.
6
Let w(q) = 36*q - 286. Let r be w(11). Suppose -4*l = 3*o - 664, 0 = 3*o + 28*l - 29*l - 659. Calculate the highest common divisor of r and o.
110
Let d = -13286 - -13965. Calculate the greatest common divisor of 485 and d.
97
Let l(p) = -5*p**3 + 4*p**2 + 2*p + 4. Let u be l(-3). Let s = u + -143. Calculate the highest common factor of 533 and s.
13
Suppose -x - 17 = 3*p, -2*p = -0*x - 2*x + 6. Let g be p/10 + (-161)/(-2). Calculate the highest common divisor of g and 16.
16
Suppose 4*y - 860 = -y. Let x(g) = 10*g + 83. Let n be x(-12). Let m = y - n. What is the highest common factor of m and 19?
19
Let n = -58 - -84. Suppose -4*o - 12*o = 48. Let m be (-5880)/(-45) - (-2)/o. What is the highest common divisor of m and n?
26
Let p be -447*(-46)/(-621)*-18. What is the highest common divisor of 27118 and p?
298
Suppose 30 + 155 = -f + 4*g, 0 = 3*f + 5*g + 623. Let z = f + 212. Let w = 179 + -102. Calculate the greatest common divisor of w and z.
11
Let r = -8 - -10. Suppose -6*u + 60 = -r*u. Let p = 1905 - 1860. Calculate the highest common divisor of u and p.
15
Let n = -6929 - -7009. Suppose -3*t = -t - 280. Calculate the greatest common factor of n and t.
20
Suppose 4*q + 256*o - 1715 = 255*o, -q + 4*o + 433 = 0. Calculate the highest common divisor of q and 3575.
143
Suppose -s + 1714 = -3*c, 4*c = -4*s + 4091 + 2733. Calculate the highest common factor of 28 and s.
28
Suppose 0 = 3*m, -5*y + 4*m - 5535 = m. Let d be y/(-12) - 1 - 4/16. Calculate the greatest common factor of 104 and d.
13
Suppose -a - 136*s = -139*s - 29, -131 = -5*a + s. What is the highest common divisor of a and 1261?
13
Let l(b) = b**2 - 238*b + 2289. Let n be l(10). What is the highest common divisor of n and 241?
1
Let u be (1 - -6)*(2 - (-10)/(-7)). Suppose 137 = u*z - 311. Calculate the greatest common factor of z and 168.
56
Let o be (18/54)/(1/105). Let g be (-3 + 12)/3 - (-2 - o). Suppose -26 - g = -6*r. Calculate the greatest common divisor of 44 and r.
11
Let j be 4*(-2 + 5 + -1). Suppose -4*q - 22 = 2*c, -j*c - 19 = -3*c + q. Let k be ((-87)/(-4))/((27/(-24))/c). Calculate the highest common divisor of k and 29.
29
Suppose -2*z = -2 - 102. Let p(m) = -907*m + 1310. Let k be p(1). What is the greatest common divisor of z and k?
13
Let s(w) = -5*w**2 - 7*w + 18. Let a be 26/(-6) - 1*12/18. Let o be s(a). Let h = o + 85. What is the highest common factor of 13 and h?
13
Let v(j) = 32*j - 7. Let k be v(1). Suppose 0 = -0*o + o - 9. Let i = o - -91. Calculate the greatest common divisor of k and i.
25
Let z(o) = 69*o**2 + 11 - 41*o**2 - 39*o**2 - o**3. Let i be z(-11). Suppose -i - 17 = -2*q. What is the highest common divisor of 98 and q?
14
Suppose 2*d = 2*h - 22, 6 - 16 = -2*d. Suppose h*z = 50 + 910. What is the highest common divisor of 45 and z?
15
Suppose 19*r - 2100 = 29*r - 94*r. Calculate the greatest common divisor of 4025 and r.
25
Suppose 19*r - 1506863 = -98*r - 20*r. What is the highest common factor of r and 51?
17
Let o = 376 - 319. Let l be o + 165/(-22)*(-2)/3. Calculate the greatest common divisor of l and 93.
31
Suppose -24 = 8*i - 128. Suppose -4*h + i*h = 36. Let z be -6*(-1)/(-3)*-1. Calculate the greatest common factor of z and h.
2
Let t be 1245/20 + ((14/8)/(-7))/1. Calculate the greatest common divisor of 7657 and t.
31
Let g be ((-75)/20 - -3)/((-2)/8). Suppose g*j = 3*w + 144, -4*j + 3*j + 39 = 2*w. What is the greatest common factor of j and 45?
45
Let n = 5693 + -5623. Calculate the greatest common factor of 2905 and n.
35
Suppose 0*f = f + 2*x - 10, -3*f + x + 23 = 0. Suppose -2992 = -f*s - 3*s. What is the greatest common factor of 17 and s?
17
Let o = -9791 + 9909. Let f be 30/2*(-118)/(-6). Calculate the greatest common divisor of o and f.
59
Suppose 0 = 2769*i - 2867*i + 12054. What is the greatest common factor of 14514 and i?
123
Let o be (-536)/(-12) - 16/(-12) - -4. Let b = 62 + -42. Calculate the greatest common divisor of b and o.
10
Let q = 3590 + -3528. What is the greatest common divisor of 713 and q?
31
Let u(a) = -a - 1. Let s(h) = 12*h - 18. Let v(j) = s(j) + 18*u(j). Let b be v(-15). Suppose b = 3*q - 2*q. Calculate the greatest common factor of 36 and q.
18
Let t = -1